{"id":2,"date":"2025-02-01T10:56:35","date_gmt":"2025-02-01T09:56:35","guid":{"rendered":"http:\/\/dev.cknm.fr\/?page_id=2"},"modified":"2025-05-24T11:51:38","modified_gmt":"2025-05-24T09:51:38","slug":"page-presentation-canoe-kayak-neuilly-sur-marne","status":"publish","type":"page","link":"https:\/\/cknm.fr\/index.php\/page-presentation-canoe-kayak-neuilly-sur-marne\/","title":{"rendered":"Qui sommes nous ?"},"content":{"rendered":"\n<div class=\"wp-block-group alignwide is-layout-constrained wp-container-core-group-is-layout-cd069a01 wp-block-group-is-layout-constrained\" style=\"padding-right:var(--wp--custom--spacing--small, 1.25rem);padding-left:var(--wp--custom--spacing--small, 1.25rem)\">\n<div class=\"wp-block-group alignwide is-content-justification-space-between is-layout-flex wp-container-core-group-is-layout-d260e2b2 wp-block-group-is-layout-flex\" style=\"padding-top:calc(.5*var(--wp--custom--spacing--small, 1.25rem));padding-bottom:calc(.5*var(--wp--custom--spacing--small, 1.25rem))\">\n<div class=\"wp-block-group is-layout-flex wp-block-group-is-layout-flex\"><div class=\"wp-block-site-logo\"><a href=\"https:\/\/cknm.fr\/\" class=\"custom-logo-link\" rel=\"home\"><img loading=\"lazy\" decoding=\"async\" width=\"212\" height=\"127\" src=\"https:\/\/cknm.fr\/wp-content\/uploads\/2025\/02\/Logo-CKNM-detoure-orange_blue.png\" class=\"custom-logo\" alt=\"Logo CKNM bicolore\" srcset=\"https:\/\/cknm.fr\/wp-content\/uploads\/2025\/02\/Logo-CKNM-detoure-orange_blue.png 11714w, https:\/\/cknm.fr\/wp-content\/uploads\/2025\/02\/Logo-CKNM-detoure-orange_blue-300x180.png 300w, https:\/\/cknm.fr\/wp-content\/uploads\/2025\/02\/Logo-CKNM-detoure-orange_blue-1024x614.png 1024w, https:\/\/cknm.fr\/wp-content\/uploads\/2025\/02\/Logo-CKNM-detoure-orange_blue-768x460.png 768w, https:\/\/cknm.fr\/wp-content\/uploads\/2025\/02\/Logo-CKNM-detoure-orange_blue-1536x921.png 1536w, https:\/\/cknm.fr\/wp-content\/uploads\/2025\/02\/Logo-CKNM-detoure-orange_blue-2048x1228.png 2048w\" sizes=\"auto, (max-width: 212px) 100vw, 212px\" \/><\/a><\/div><\/div>\n\n\n<nav class=\"is-responsive items-justified-right wp-block-navigation is-content-justification-right is-layout-flex wp-container-core-navigation-is-layout-f665d2b5 wp-block-navigation-is-layout-flex\" aria-label=\"Navigation\" \n\t\t data-wp-interactive=\"core\/navigation\" data-wp-context='{\"overlayOpenedBy\":{\"click\":false,\"hover\":false,\"focus\":false},\"type\":\"overlay\",\"roleAttribute\":\"\",\"ariaLabel\":\"Menu\"}'><button aria-haspopup=\"dialog\" aria-label=\"Ouvrir le menu\" class=\"wp-block-navigation__responsive-container-open\" \n\t\t\t\tdata-wp-on--click=\"actions.openMenuOnClick\"\n\t\t\t\tdata-wp-on--keydown=\"actions.handleMenuKeydown\"\n\t\t\t><svg width=\"24\" height=\"24\" xmlns=\"http:\/\/www.w3.org\/2000\/svg\" viewBox=\"0 0 24 24\" aria-hidden=\"true\" focusable=\"false\"><path d=\"M4 7.5h16v1.5H4z\"><\/path><path d=\"M4 15h16v1.5H4z\"><\/path><\/svg><\/button>\n\t\t\t\t<div class=\"wp-block-navigation__responsive-container\"  id=\"modal-1\" \n\t\t\t\tdata-wp-class--has-modal-open=\"state.isMenuOpen\"\n\t\t\t\tdata-wp-class--is-menu-open=\"state.isMenuOpen\"\n\t\t\t\tdata-wp-watch=\"callbacks.initMenu\"\n\t\t\t\tdata-wp-on--keydown=\"actions.handleMenuKeydown\"\n\t\t\t\tdata-wp-on--focusout=\"actions.handleMenuFocusout\"\n\t\t\t\ttabindex=\"-1\"\n\t\t\t>\n\t\t\t\t\t<div class=\"wp-block-navigation__responsive-close\" tabindex=\"-1\">\n\t\t\t\t\t\t<div class=\"wp-block-navigation__responsive-dialog\" \n\t\t\t\tdata-wp-bind--aria-modal=\"state.ariaModal\"\n\t\t\t\tdata-wp-bind--aria-label=\"state.ariaLabel\"\n\t\t\t\tdata-wp-bind--role=\"state.roleAttribute\"\n\t\t\t>\n\t\t\t\t\t\t\t<button aria-label=\"Fermer le menu\" class=\"wp-block-navigation__responsive-container-close\" \n\t\t\t\tdata-wp-on--click=\"actions.closeMenuOnClick\"\n\t\t\t><svg xmlns=\"http:\/\/www.w3.org\/2000\/svg\" viewBox=\"0 0 24 24\" width=\"24\" height=\"24\" aria-hidden=\"true\" focusable=\"false\"><path d=\"m13.06 12 6.47-6.47-1.06-1.06L12 10.94 5.53 4.47 4.47 5.53 10.94 12l-6.47 6.47 1.06 1.06L12 13.06l6.47 6.47 1.06-1.06L13.06 12Z\"><\/path><\/svg><\/button>\n\t\t\t\t\t\t\t<div class=\"wp-block-navigation__responsive-container-content\" \n\t\t\t\tdata-wp-watch=\"callbacks.focusFirstElement\"\n\t\t\t id=\"modal-1-content\">\n\t\t\t\t\t\t\t\t<ul class=\"wp-block-navigation__container is-responsive items-justified-right wp-block-navigation\"><ul class=\"wp-block-page-list\"><li class=\"wp-block-pages-list__item wp-block-navigation-item open-on-hover-click\"><a class=\"wp-block-pages-list__item__link wp-block-navigation-item__content\" href=\"https:\/\/cknm.fr\/index.php\/page-presentation-canoe-kayak-neuilly-sur-marne\/\">Qui sommes nous ?<\/a><\/li><li class=\"wp-block-pages-list__item wp-block-navigation-item open-on-hover-click\"><a class=\"wp-block-pages-list__item__link wp-block-navigation-item__content\" href=\"https:\/\/cknm.fr\/index.php\/activites\/\">Activit\u00e9s<\/a><\/li><li class=\"wp-block-pages-list__item wp-block-navigation-item open-on-hover-click\"><a class=\"wp-block-pages-list__item__link wp-block-navigation-item__content\" href=\"https:\/\/cknm.fr\/index.php\/formation\/\">Formation<\/a><\/li><li class=\"wp-block-pages-list__item wp-block-navigation-item open-on-hover-click\"><a class=\"wp-block-pages-list__item__link wp-block-navigation-item__content\" href=\"https:\/\/cknm.fr\/index.php\/contact\/\">Contacts &amp; inscriptions<\/a><\/li><\/ul><\/ul>\n\t\t\t\t\t\t\t<\/div>\n\t\t\t\t\t\t<\/div>\n\t\t\t\t\t<\/div>\n\t\t\t\t<\/div><\/nav><\/div>\n<\/div>\n\n\n\n<h2 class=\"wp-block-heading has-large-font-size\">Qui sommes nous ?<\/h2>\n\n\n\n<p><strong><em>Loisir Sportif en Cano\u00eb &amp; Kayak<\/em><\/strong><br>C&rsquo;est le slogan que nous avons choisi pour notre club.<br>Il repr\u00e9sente bien notre volont\u00e9 de passer de bons moments de d\u00e9tente en plein-air dans une ambiance familiale tout en proposant une v\u00e9ritable activit\u00e9 physique et un enseignement de qualit\u00e9 g\u00e9n\u00e9ralement r\u00e9serv\u00e9 aux comp\u00e9titeurs.<\/p>\n\n\n\n<p><strong><em>100% b\u00e9n\u00e9vole<\/em><\/strong><br>Notre association s&rsquo;adresse \u00e0 un public adulte et repose sur un fonctionnement exclusivement b\u00e9n\u00e9vole. Une session bricolage est, par exemple, organis\u00e9e annuellement pour entretenir local et mat\u00e9riel; c&rsquo;est l&rsquo;occasion d&rsquo;un grand moment de convivialit\u00e9 autour d&rsquo;un repas pr\u00e9par\u00e9 collectivement !<\/p>\n\n\n\n<p><strong><em>Gardiens de la rivi\u00e8re<\/em><\/strong><br>Nous sommes soucieux du bon \u00e9tat \u00e9cologique de notre site de pratique : la Marne.<br>En tant que <a href=\"https:\/\/www.ffck.org\/2021\/02\/25\/rejoignez-le-reseau-des-gardiens-de-la-riviere\/\">Gardiens de la Rivi\u00e8re<\/a>, nous faisons partie du r\u00e9seau d&rsquo;alerte mis en place par la FFCK, nous r\u00e9alisons des campagnes de nettoyage des berges et sensibilisons le public \u00e0 la protection de la rivi\u00e8re ainsi que de la flore et la faune.<\/p>\n\n\n\n<figure class=\"wp-block-image aligncenter size-full\"><img loading=\"lazy\" decoding=\"async\" width=\"300\" height=\"270\" src=\"http:\/\/dev.cknm.fr\/wp-content\/uploads\/2025\/02\/GR-Logo-300x270-1.jpg\" alt=\"Logo Gardiens de la Rivi\u00e8re FFCK\" class=\"wp-image-135\"\/><\/figure>\n\n\n\n<p><strong><em>Une association au coeur de la cit\u00e9<\/em><\/strong><br>L&rsquo;\u00e9t\u00e9 est l&rsquo;occasion d&#8217;emmener sur l&rsquo;eau des Noc\u00e9ens et visiteurs plus ou moins lointains qui d\u00e9couvrent avec surprise la beaut\u00e9 et la richesse de la rivi\u00e8re qui coule discr\u00e8tement au coeur de la cit\u00e9. <\/p>\n","protected":false},"excerpt":{"rendered":"<p>Qui sommes nous ? Loisir Sportif en Cano\u00eb &amp; KayakC&rsquo;est le slogan que nous avons choisi pour notre club.Il repr\u00e9sente bien notre volont\u00e9 de passer de bons moments de d\u00e9tente en plein-air dans une ambiance familiale tout en proposant une v\u00e9ritable activit\u00e9 physique et un enseignement de qualit\u00e9 g\u00e9n\u00e9ralement r\u00e9serv\u00e9 aux comp\u00e9titeurs. 100% b\u00e9n\u00e9voleNotre association [&hellip;]<\/p>\n","protected":false},"author":1,"featured_media":0,"parent":0,"menu_order":0,"comment_status":"closed","ping_status":"closed","template":"blank","meta":{"footnotes":""},"class_list":["post-2","page","type-page","status-publish","hentry"],"_links":{"self":[{"href":"https:\/\/cknm.fr\/index.php\/wp-json\/wp\/v2\/pages\/2","targetHints":{"allow":["GET"]}}],"collection":[{"href":"https:\/\/cknm.fr\/index.php\/wp-json\/wp\/v2\/pages"}],"about":[{"href":"https:\/\/cknm.fr\/index.php\/wp-json\/wp\/v2\/types\/page"}],"author":[{"embeddable":true,"href":"https:\/\/cknm.fr\/index.php\/wp-json\/wp\/v2\/users\/1"}],"replies":[{"embeddable":true,"href":"https:\/\/cknm.fr\/index.php\/wp-json\/wp\/v2\/comments?post=2"}],"version-history":[{"count":18,"href":"https:\/\/cknm.fr\/index.php\/wp-json\/wp\/v2\/pages\/2\/revisions"}],"predecessor-version":[{"id":241,"href":"https:\/\/cknm.fr\/index.php\/wp-json\/wp\/v2\/pages\/2\/revisions\/241"}],"wp:attachment":[{"href":"https:\/\/cknm.fr\/index.php\/wp-json\/wp\/v2\/media?parent=2"}],"curies":[{"name":"wp","href":"https:\/\/api.w.org\/{rel}","templated":true}]}}